t m = x + 30. Suppose 2*v = -s + 6, 3*v + m*s = 4*s - 13. What is the greatest common factor of v and 5?
1
Let s = 596 - 406. What is the greatest common factor of 10 and s?
10
Let z be 2/(-6) + 424/12. Suppose s - 173 = -y, 879 = 5*y - s - s. Calculate the highest common divisor of y and z.
35
Let i be (-1)/((-4)/(-8)) - -222. Let t = i - 132. What is the greatest common divisor of 8 and t?
8
Let m(n) = 3*n**2 + 3*n + 1. Let o be m(-2). Suppose 0 = o*x - 244 + 34. Let j = 70 - x. Calculate the greatest common divisor of j and 60.
20
Let f(o) = o**3 - 8*o - 5. Let x be f(5). Calculate the highest common factor of x and 40.
40
Suppose -8 = 4*q - 52. Suppose 3*m - 4 = q. Suppose f + m*g - 82 = 0, 3*g + 81 = -2*f + 231. Calculate the greatest common divisor of f and 9.
9
Let r = -25 + 30. Suppose -2*s - 3*m + 81 = 0, 8*s - r*s - 94 = m. Calculate the greatest common divisor of 11 and s.
11
Suppose 12*v = 16*v - 96. Calculate the highest common factor of 184 and v.
8
Suppose -5*n + v + 151 = 0, -9*v = 2*n - 6*v - 57. What is the greatest common divisor of 705 and n?
15
Suppose 5*y + 4*z - 295 = 0, -4*y = 2*z - 7*z - 277. Let r be 14980/840 + 4*(-4)/(-96). Calculate the greatest common factor of y and r.
9
Let c(n) = -n**3 + 15*n**2 + 32*n - 464. Let v be c(15). Calculate the highest common factor of 1320 and v.
8
Let l be (-4)/(-5)*(-45 + 150). Calculate the highest common factor of l and 560.
28
Suppose 2*v - 11 = 5*g, -4*v = -0*v - 3*g - 15. Let z(b) = b**2 + 36*b - 121. Let o be z(-40). Calculate the greatest common divisor of v and o.
3
Let l = 229 - 224. Let z be (-2 - -1)*(0 - 4). Let q be 15 - (z - (l + -3)). Calculate the highest common factor of 13 and q.
13
Let g be (-5 + -214)*(4 + 52/(-12)). Calculate the highest common factor of g and 292.
73
Suppose -3*k + 3*w + 94 = 25, 0 = -3*k + 5*w + 75. What is the highest common divisor of k and 2500?
20
Let p be (-3)/(-6) + 118/4 + 0. Suppose 2*c - o + 10 = 0, 5*c + 23 + 16 = -o. Let d be (-142)/c - (-4)/(-14). What is the greatest common factor of d and p?
10
Suppose 5*f + 4*y = 144, -3*f - 54 = -5*f + 2*y. What is the greatest common factor of 28 and f?
28
Let g(f) = -f**2 + 19*f + 8. Let m be g(20). Let a = m + 17. What is the greatest common divisor of a and 10?
5
Suppose c - 13 = -15. Let l be 342/c + -4 - 3. Let x = l + 255. What is the greatest common factor of 11 and x?
11
Let a = -17 - -21. Suppose -50 = -l - a*l. Calculate the greatest common factor of 10 and l.
10
Suppose -18*m + 123 = -93. Calculate the highest common divisor of m and 6.
6
Let k be 5 - (6/9)/((-1)/3). Let v be (-1)/3 + 7/3. Suppose 2*w + v = 16. Calculate the highest common divisor of w and k.
7
Let v be (4 - 6) + 3 + 52. Suppose -v*i = -59*i + 24. What is the greatest common factor of 3 and i?
1
Let l(b) = -b + 26. Let o be l(12). Calculate the greatest common divisor of o and 4.
2
Let h(t) = t**3 + 4*t**2 - 4*t - 25. Let g be h(7). What is the highest common divisor of 54 and g?
54
Let w be ((-4)/16 - (-2124)/(-80))*-10. Calculate the highest common divisor of w and 201.
67
Suppose -2*m = -r - 4044, 3*m - 3*r = -0*r + 6069. What is the highest common factor of 43 and m?
43
Let i(z) = -4*z + 6. Let n be i(1). Let r(g) = 15*g - 7. Let l be r(n). What is the greatest common factor of l and 115?
23
Let g be (-5)/2*(-228)/15. Let f be -7*(4 - 150/35). What is the highest common divisor of f and g?
2
Let j be ((-342)/(-190) - (-2)/10)*12. Calculate the greatest common factor of 48 and j.
24
Let z(p) = -1 + 8 + 2 + p - 2. Let q be z(-3). Let g be (6/q)/(1/34). Calculate the highest common factor of 34 and g.
17
Let w(q) = 5*q - 14. Let u be w(3). Suppose 13*s = 3*s + 60. Calculate the greatest common divisor of s and u.
1
Let b be -4 - (-866)/2 - 2. Calculate the greatest common factor of b and 61.
61
Let o(t) = t**3 - 53*t**2 + 58*t - 32. Let i be o(52). What is the highest common factor of i and 35?
35
Suppose -a + 3*a - 352 = 0. What is the highest common factor of a and 16?
16
Let k(y) = 1869*y - 132. Let q be k(1). Calculate the greatest common factor of 9 and q.
9
Suppose -2*u + 34 = -3*q, 4*q + 9 = -5*u + 2. Let g(v) = -v**2 - 21*v - 76. Let s be g(q). Calculate the greatest common factor of s and 4.
4
Let u(j) = 2*j**2 + 43*j + 245. Let v be u(-5). What is the highest common divisor of 5 and v?
5
Let t be (-2)/8 - (-231)/12. Let z(u) = -u**3 + 9*u**2 - 19*u - 2. Let v be z(7). Let f be 3/6*(1 - v). What is the greatest common divisor of f and t?
19
Suppose -6*s + 145 + 527 = 0. What is the highest common factor of 140 and s?
28
Let x = -784 + 1920. What is the highest common divisor of 16 and x?
16
Let p(d) = 14*d + 14. Let j(x) = -5*x - 8. Let c be j(-4). Let m be p(c). What is the greatest common divisor of m and 26?
26
Suppose -9*h = -238 - 1364. What is the greatest common divisor of h and 2403?
89
Suppose 0*p = -2*p + 12. Let f be 4/p*(-15)/(-2). Let x = 20 - 15. Calculate the greatest common factor of x and f.
5
Suppose 3*m - 28 = -13. Suppose 0 = -2*c + 11 + m. Suppose -36 = -5*q + 2*q. What is the greatest common factor of c and q?
4
Let y(z) = 9 - 21*z - 2 + 7 - 13. Let p be y(-1). Calculate the highest common factor of 66 and p.
22
Let s(h) = -h + 5. Let r be s(4). Let n = 6 - r. Suppose 0 = n*z + 1 - 46. What is the greatest common divisor of 72 and z?
9
Let j = 511 - 27. Let n be 263/6 - (-2)/12. Calculate the highest common factor of j and n.
44
Let d(c) = 2*c**2 - 5*c + 5. Let o be d(1). Calculate the highest common factor of o and 16.
2
Let h = 27 + 5. Let r be 318/4 - (-1)/2. Calculate the highest common factor of h and r.
16
Let m be 207/24 + (-15)/(-40). Let h be 2/(24/m) + 249/4. Let u = 6 - -1. What is the highest common factor of u and h?
7
Let x = 27 - 15. Let a be 3428/26 - 2/(-13). Calculate the highest common factor of x and a.
12
Let a be (-7 - 5)*(-1)/3. Suppose a*b + 3 = -r + 44, 4*r - 2 = 2*b. Let i be (-4)/(-6) + 642/b. Calculate the greatest common factor of 8 and i.
8
Let l be 6 - -11 - (-14)/2. Let j(o) = o**2 + 2*o - 4. Let g be j(3). Suppose 2*f - 5 = g. What is the greatest common factor of l and f?
8
Let t = 420 - 413. What is the greatest common divisor of t and 217?
7
Let v(t) = 3*t**2 - 5*t - 2. Let s be v(-5). Let f = -35 + 25. Let l = 24 + f. What is the greatest common divisor of s and l?
14
Let m = -3 - -6. Let h be (11/((-693)/14) - 1416/(-54)) + 7. What is the greatest common divisor of m and h?
3
Suppose z = -2*t + 538, -4*t - 4*z + 655 = -417. Let x be t/(-4)*32/(-24). Let i be 8 - -21 - -2*(-1)/(-2). What is the greatest common factor of x and i?
30
Suppose 12*j - 399 = 834 - 33. Suppose -5*k - h + 123 = 0, -3*k + 4*h + 45 = -38. Calculate the greatest common factor of j and k.
25
Let w(r) = -r + 2. Let y be w(3). Let t be 137 + (-3 - -1 - y). Calculate the highest common divisor of 17 and t.
17
Suppose 237 = m - 5*k, -7*k = -11*k - 12. Calculate the highest common factor of m and 74.
74
Suppose 590 = 4*f - 114. Let i be (-2)/(-6) + f/66. Let g(s) = -s**2 - 9*s + 1. Let v be g(-4). What is the highest common divisor of v and i?
3
Let z(b) = -b**3 + 17*b**2 + 4*b + 25. Let c be z(17). Let n(k) = -k**3 - 20*k**2 - 21*k - 7. Let m be n(-19). Calculate the greatest common divisor of c and m.
31
Let l(o) = -o**2 + 9*o - 5. Let x be l(8). Suppose 2*r = 11 + x. Let v(m) = m**2 + m + 1. Let f be v(2). Calculate the greatest common factor of f and r.
7
Suppose 19 = n - 2*n - 3*f, 0 = n - f - 1. Suppose -5*k = 7 - 57. Let o = n + k. What is the greatest common factor of o and 30?
6
Let g(z) = -z**3 + 21*z**2 + 25*z - 54. Let d be g(22). Calculate the highest common divisor of 54 and d.
6
Suppose m - b - 24 = 0, b + 66 = -0*m + 3*m. Let o = m - 5. What is the highest common factor of o and 24?
8
Suppose 60 = 13*c - 5. Suppose 118 = 4*b + r - 4*r, 132 = c*b + 4*r. What is the greatest common factor of b and 21?
7
Suppose -4*g - 130 = -5*o + 26, -o + 35 = 3*g. Calculate the greatest common factor of 160 and o.
32
Let w = 111 + -192. Let v = -64 - w. Calculate the highest common factor of v and 153.
17
Let a = 12 + -4. Let u = a + -6. Let b be 1/(-6) - (3 + 536/(-48)). Calculate the highest common divisor of u and b.
2
Suppose -4*p = -2*p - 280. Suppose -3*r + 2*r = -p. Le